060  
CXUS54 KOUN 011318  
CLMOKC  
 
CLIMATE REPORT  
NATIONAL WEATHER SERVICE NORMAN OK  
812 AM CDT WED JUL 1 2020  
   
...............................
 
 
   
..THE OKLAHOMA CITY CLIMATE SUMMARY FOR THE MONTH OF JUNE 2020
 
 
CLIMATE NORMAL PERIOD 1981 TO 2010  
CLIMATE RECORD PERIOD 1890 TO 2020  
 
WEATHER OBSERVED NORMAL DEPART LAST YEAR'S  
VALUE DATE(S) VALUE FROM VALUE  
NORMAL    
.........................................................
 
 
TEMPERATURE (F)  
RECORD  
HIGH 107 06/22/1936  
LOW 46 06/02/1917  
HIGHEST 96 97 -1 95  
LOWEST 54 56 -2 56  
AVG. MAXIMUM 89.6 88.1 1.5 85.5  
AVG. MINIMUM 65.4 67.8 -2.4 64.8  
MEAN 77.5 78.0 -0.5 75.2  
DAYS MAX >= 90 16 11.6 4.4 6  
DAYS MAX <= 32 0 0.0 0.0 0  
DAYS MIN <= 32 0 0.0 0.0 0  
DAYS MIN <= 0 0 0.0 0.0 0  
 
PRECIPITATION (INCHES)  
RECORD  
MAXIMUM 14.66 1989  
MINIMUM 0.02 1914  
TOTALS 3.49 4.93 -1.44 6.94  
DAILY AVG. 0.12 0.16 -0.04 0.23  
DAYS >= .01 3 9.1 -6.1 10  
DAYS >= .10 3 6.4 -3.4 10  
DAYS >= .50 2 3.1 -1.1 6  
DAYS >= 1.00 2 1.6 0.4 2  
GREATEST  
24 HR. TOTAL 2.06 06/19 TO 06/20  
 
DEGREE_DAYS  
COOLING TOTAL 382 390 -8 312  
SINCE 1/1 574 640 -66 462    
..........................................................
 
 
WIND (MPH)  
AVERAGE WIND SPEED 11.7  
HIGHEST WIND SPEED/DIRECTION 46/360 DATE 06/21  
HIGHEST GUST SPEED/DIRECTION 58/010 DATE 06/21  
 
WEATHER CONDITIONS. NUMBER OF DAYS WITH  
THUNDERSTORM 4 MIXED PRECIP 0  
HEAVY RAIN 2 RAIN 2  
LIGHT RAIN 6 FREEZING RAIN 0  
LT FREEZING RAIN 0 HAIL 0  
HEAVY SNOW 0 SNOW 0  
LIGHT SNOW 0 SLEET 0  
FOG 5 FOG W/VIS <= 1/4 MILE 0  
HAZE 1  
 
- INDICATES NEGATIVE NUMBERS.  
R INDICATES RECORD WAS SET OR TIED.  
MM INDICATES DATA IS MISSING.  
T INDICATES TRACE AMOUNT.    
..........................................................
 
 
RECORDS/REMARKS  
NEW RECORD MAX TEMPERATURE OF 96 DEGREES JUNE 4TH.  
NEW RECORD DAILY RAINFALL OF 2.06 INCHES SET JUNE 19TH.  
THE JANUARY THROUGH JUNE TOTAL PRECIPITATION IS 18.43 INCHES.  
 

 
 
CLICK HERE TO GO TO PREVIOUS BULLETINS.

The Nexlab OK Page
The Nexlab TX Page Main Text Page