830  
CXUS54 KOUN 011441  
CLMLAW  
 
CLIMATE REPORT  
NATIONAL WEATHER SERVICE NORMAN OK  
841 AM CST FRI MAR 01 2024  
   
...............................
 
 
   
..THE LAWTON CLIMATE SUMMARY FOR THE MONTH OF FEBRUARY 2024
 
 
CLIMATE NORMAL PERIOD 1991 TO 2020  
CLIMATE RECORD PERIOD 1912 TO 2024  
 
WEATHER OBSERVED NORMAL DEPART LAST YEAR'S  
VALUE DATE(S) VALUE FROM VALUE  
NORMAL    
..........................................................
 
 
TEMPERATURE (F)  
RECORD  
HIGH 97 02/08/1943  
LOW -12 02/16/2021  
HIGHEST 89 78 11 84  
LOWEST 21 15 6 19  
AVG. MAXIMUM 64.3 58.0 6.3  
AVG. MINIMUM 36.1 31.9 4.2 32.3  
MEAN 50.2 44.9 5.3 45.8  
DAYS MAX >= 90 0 0.0 0.0 0  
DAYS MAX <= 32 0 1.0 -1.0 1  
DAYS MIN <= 32 10 15.9 -5.9 17  
DAYS MIN <= 0 0 0.0 0.0 0  
 
PRECIPITATION (INCHES)  
RECORD  
MAXIMUM 4.96 1938  
MINIMUM 0.00 1996  
TOTALS 1.39 0.89 0.50  
DAILY AVG. 0.05 NAN NAN 0.06  
DAYS >= .01 2 4.5 -2.5 7  
DAYS >= .10 2 2.3 -0.3 4  
DAYS >= .50 1 0.5 0.5 1  
DAYS >= 1.00 1 0.2 0.8 0  
GREATEST  
24 HR. TOTAL 1.15 02/11 TO 02/11  
 
SNOWFALL (INCHES)  
TOTALS 2.0 MM MM  
SINCE 7/1 2.0 MM MM  
 
DEGREE DAYS  
HEATING TOTAL 426 563 -137 531  
SINCE 7/1 2424 2645 -221 MM    
..........................................................
 
 
WIND (MPH)  
AVERAGE WIND SPEED 8.9  
HIGHEST WIND SPEED/DIRECTION 32/010 DATE 02/16  
HIGHEST GUST SPEED/DIRECTION 45/360 DATE 02/16  
 
WEATHER CONDITIONS. NUMBER OF DAYS WITH  
THUNDERSTORM 1 MIXED PRECIP 0  
HEAVY RAIN 0 RAIN 2  
LIGHT RAIN 4 FREEZING RAIN 0  
LT FREEZING RAIN 0 HAIL 0  
HEAVY SNOW 0 SNOW 0  
LIGHT SNOW 2 SLEET 0  
FOG 9 FOG W/VIS <= 1/4 MILE 1  
HAZE 3  
 
- INDICATES NEGATIVE NUMBERS.  
R INDICATES RECORD WAS SET OR TIED.  
MM INDICATES DATA IS MISSING.  
T INDICATES TRACE AMOUNT.   
...........................................................
 
 
RECORDS/REMARKS  
NEW RECORD MAXIMUM TEMPERATURE OF 89 DEGREES SET ON FEB 26.  
NEW DAILY RECORD RAINFALL OF 1.15 INCHES SET ON FEB 11.  
SEVENTH WARMEST FEB ON RECORD.  
TOTAL PRECIPITATION FOR 2024 IS 3.21 INCHES.  

 
 
CLICK HERE TO GO TO PREVIOUS BULLETINS.

The Nexlab OK Page
The Nexlab TX Page Main Text Page