158  
CXUS54 KOUN 011542  
CLMSPS  
 
CLIMATE REPORT  
NATIONAL WEATHER SERVICE NORMAN OK  
942 AM CST WED FEB 01 2023  
   
...............................
 
 
   
..THE WICHITA FALLS CLIMATE SUMMARY FOR THE MONTH OF JANUARY 2023
 
 
CLIMATE NORMAL PERIOD 1991 TO 2020  
CLIMATE RECORD PERIOD 1897 TO 2023  
 
WEATHER OBSERVED NORMAL DEPART LAST YEAR'S  
VALUE DATE(S) VALUE FROM VALUE  
NORMAL    
..........................................................
 
 
TEMPERATURE (F)  
RECORD  
HIGH 87 01/08/1969  
01/23/1943  
LOW -12 01/04/1947  
HIGHEST 82 76 6 79  
LOWEST 20 13 7 11  
AVG. MAXIMUM 60.4 54.7 5.7 56.8  
AVG. MINIMUM 34.6 30.0 4.6 25.5  
MEAN 47.5 42.4 5.1 41.2  
DAYS MAX >= 90 0 0.0 0.0 0  
DAYS MAX <= 32 2 1.5 0.5 2  
DAYS MIN <= 32 14 18.4 -4.4 25  
DAYS MIN <= 0 0 0.0 0.0 0  
 
PRECIPITATION (INCHES)  
RECORD  
MAXIMUM 4.48 1968  
MINIMUM 0.00 1986  
1914  
TOTALS 1.21 1.20 0.01 0.40  
DAILY AVG. 0.04 0.04 0.00 0.01  
DAYS >= .01 4 4.6 -0.6 2  
DAYS >= .10 2 2.5 -0.5 1  
DAYS >= .50 1 0.8 0.2 0  
DAYS >= 1.00 1 0.2 0.8 0  
GREATEST  
24 HR. TOTAL 1.00 01/24 TO 01/24  
 
SNOWFALL (INCHES)  
TOTALS 2.0 0.7 1.3  
SINCE 7/1 2.0 1.8 0.2  
 
DEGREE DAYS  
HEATING TOTAL 535 703 -168  
SINCE 7/1 1646 1866 -220    
..........................................................
 
 
WIND (MPH)  
AVERAGE WIND SPEED 11.4  
HIGHEST WIND SPEED/DIRECTION 38/310 DATE 01/11  
HIGHEST GUST SPEED/DIRECTION 47/300 DATE 01/11  
 
WEATHER CONDITIONS. NUMBER OF DAYS WITH  
THUNDERSTORM 1 MIXED PRECIP 0  
HEAVY RAIN 0 RAIN 1  
LIGHT RAIN 4 FREEZING RAIN 2  
LT FREEZING RAIN 1 HAIL 0  
HEAVY SNOW 0 SNOW 1  
LIGHT SNOW 1 SLEET 2  
FOG 3 FOG W/VIS <= 1/4 MILE 0  
HAZE 0  
 
- INDICATES NEGATIVE NUMBERS.  
R INDICATES RECORD WAS SET OR TIED.  
MM INDICATES DATA IS MISSING.  
T INDICATES TRACE AMOUNT.   
..........................................................
 
 
RECORDS/REMARKS  
TIED RECORD MAX TEMPERATURE OF 81 DEGREES ON JAN 1.  
NEW RECORD MAX TEMPERATURE OF 82 DEGREES SET ON JAN 10.  
TIED RECORD MAX TEMPERATURE OF 82 DEGREES ON JAN 11.  
NEW RECORD DAILY RAINFALL OF 1.00 INCH SET ON JAN 24.  
SIXTH WARMEST JANUARY ON RECORD.  
JAN 2023 PRECIPITATION TOTAL IS 1.21 INCHES.  
 

 
 
CLICK HERE TO GO TO PREVIOUS BULLETINS.

The Nexlab OK Page
The Nexlab TX Page Main Text Page