910  
CXUS54 KSJT 011713  
CLMSJT  
 
CLIMATE REPORT  
NATIONAL WEATHER SERVICE SAN ANGELO TX  
1113 AM CST SUN JAN 01 2023  
   
...............................
 
 
   
..THE SAN ANGELO CLIMATE SUMMARY FOR THE MONTH OF DECEMBER 2022
 
 
CLIMATE NORMAL PERIOD: 1991 TO 2020  
CLIMATE RECORD PERIOD: 1907 TO 2022  
 
WEATHER OBSERVED NORMAL DEPART LAST YEAR'S  
VALUE DATE(S) VALUE FROM VALUE DATE(S)  
NORMAL    
............................................................
 
 
TEMPERATURE (F)  
RECORD  
HIGH 91 12/04/1954  
LOW -4 12/23/1989  
HIGHEST 78 12/02 89 12/26  
12/07  
12/08  
LOWEST 12 12/23 25 12/12  
AVG. MAXIMUM 62.0 62.0 0.0 76.2  
AVG. MINIMUM 39.5 34.9 4.6 44.0  
MEAN 50.7 48.4 2.3 60.1  
DAYS MAX >= 90 0 0.0 0.0 0  
DAYS MAX <= 32 1 0.4 0.6 0  
DAYS MIN <= 32 11 13.9 -2.9 5  
DAYS MIN <= 0 0 0.0 0.0 0  
 
PRECIPITATION (INCHES)  
RECORD  
MAXIMUM 5.96 1911  
MINIMUM T 2003  
TOTALS 1.03 0.89 0.14 0.03  
DAILY AVG. 0.03 0.03 0.00 0.00  
DAYS >= .01 4 4.2 -0.2 2  
DAYS >= .10 2 2.2 -0.2 0  
DAYS >= .50 1 0.4 0.6 0  
DAYS >= 1.00 0 0.1 -0.1 0  
GREATEST  
24 HR. TOTAL 0.82 12/10 TO 12/10 0.03 12/18 TO 12/19  
 
SNOWFALL (INCHES)  
RECORDS  
TOTAL 3.7 1986  
TOTALS T MM MM MM  
SINCE 7/1 MM MM MM MM  
SNOWDEPTH AVG. 0 MM  
DAYS >= 1.0 0 MM MM MM  
GREATEST  
SNOW DEPTH 0 MM MM  
 
DEGREE DAYS  
HEATING TOTAL 448 515 -67 187  
SINCE 7/1 886 891 -5 MM  
COOLING TOTAL 12 2 10 41  
SINCE 1/1 3452 2786 666 MM    
............................................................
 
 
WIND (MPH)  
AVERAGE WIND SPEED 8.1  
HIGHEST WIND SPEED/DIRECTION 30/190 DATE 12/28  
HIGHEST GUST SPEED/DIRECTION 45/190 DATE 12/28  
 
SKY COVER  
AVERAGE SKY COVER 0.38  
 
AVERAGE RH (PERCENT) 63  
 
WEATHER CONDITIONS. NUMBER OF DAYS WITH  
THUNDERSTORM 1 MIXED PRECIP 0  
HEAVY RAIN 1 RAIN 1  
LIGHT RAIN 4 FREEZING RAIN 0  
LT FREEZING RAIN 0 HAIL 0  
HEAVY SNOW 0 SNOW 0  
LIGHT SNOW 1 SLEET 0  
FOG 12 FOG W/VIS <= 1/4 MILE 4  
HAZE 5  
 
- INDICATES NEGATIVE NUMBERS.  
R INDICATES RECORD WAS SET OR TIED.  
MM INDICATES DATA IS MISSING.  
T INDICATES TRACE AMOUNT.  
 

 
 
CLICK HERE TO GO TO PREVIOUS BULLETINS.

The Nexlab TX Page Main Text Page