074  
CXUS54 KSJT 011319  
CLMSJT  
 
CLIMATE REPORT  
NATIONAL WEATHER SERVICE SAN ANGELO TX  
813 AM CDT WED JUL 1 2020  
   
...............................
 
 
   
..THE SAN ANGELO CLIMATE SUMMARY FOR THE MONTH OF JUNE 2020
 
 
CLIMATE NORMAL PERIOD 1981 TO 2010  
CLIMATE RECORD PERIOD 1907 TO 2020  
 
WEATHER OBSERVED NORMAL DEPART LAST YEAR'S  
VALUE DATE(S) VALUE FROM VALUE DATE(S)  
NORMAL    
............................................................
 
 
TEMPERATURE (F)  
RECORD  
HIGH 110 06/28/1994  
06/20/1969  
06/16/1924  
LOW 42 06/18/1912  
HIGHEST 106 06/22 106 06/20  
06/08  
LOWEST 52 06/10 59 06/12  
AVG. MAXIMUM 97.3 92.1 5.2 93.1  
AVG. MINIMUM 68.7 68.8 -0.1 67.3  
MEAN 83.0 80.4 2.6 80.2  
DAYS MAX >= 90 28 19.4 8.6 24  
DAYS MAX <= 32 0 0.0 0.0 0  
DAYS MIN <= 32 0 0.0 0.0 0  
DAYS MIN <= 0 0 0.0 0.0 0  
 
PRECIPITATION (INCHES)  
RECORD  
MAXIMUM 7.02 2016  
MINIMUM T 1924  
1933  
TOTALS 0.85 2.59 -1.74 3.18  
DAILY AVG. 0.03 0.09 -0.06 0.11  
DAYS >= .01 2 6.2 -4.2 8  
DAYS >= .10 1 4.1 -3.1 5  
DAYS >= .50 1 1.8 -0.8 2  
DAYS >= 1.00 0 0.8 -0.8 1  
GREATEST  
24 HR. TOTAL 0.81 06/22 TO 06/22 06/02 TO 06/02  
06/30 TO 06/30EATHER OBSERVED NORMAL DEPART LAST YEAR'S  
06/30 TO 06/30EATHER OBSERVED NORMAL DEPART LAST YEAR'S  
 
SNOWFALL (INCHES)  
RECORDS  
TOTAL 0.0 2013  
2012  
2011  
TOTALS 0.0 0.0 0.0 0.0  
SINCE 7/1 0.3 2.2 -1.9 T  
SNOWDEPTH AVG. 0 MM MM 0  
DAYS >= 1.0 0 0.0 0.0 0  
GREATEST  
SNOW DEPTH 0 MM 0 MM  
 
DEGREE_DAYS  
HEATING TOTAL 0 0 0 0  
SINCE 7/1 1978 2316 -338 2376  
COOLING TOTAL 549 464 85 463  
SINCE 1/1 1141 924 217 840    
.............................................................
 
 
WIND (MPH)  
AVERAGE WIND SPEED 10.1  
HIGHEST WIND SPEED/DIRECTION 47/200 DATE 06/22  
HIGHEST GUST SPEED/DIRECTION 69/180 DATE 06/22  
 
SKY COVER  
AVERAGE SKY COVER 0.10  
 
AVERAGE RH (PERCENT) 51  
 
WEATHER CONDITIONS. NUMBER OF DAYS WITH  
THUNDERSTORM 4 MIXED PRECIP 0  
HEAVY RAIN 1 RAIN 1  
LIGHT RAIN 2 FREEZING RAIN 0  
LIGHT FREEZING RAIN 0 HAIL 0  
HEAVY SNOW 0 SNOW 0  
LIGHT SNOW 0 SLEET 0  
FOG 2 FOG W/VIS <= 1/4 MILE 0  
HAZE 2  
 
- INDICATES NEGATIVE NUMBERS.  
R INDICATES RECORD WAS SET OR TIED.  
MM INDICATES DATA IS MISSING.  
T INDICATES TRACE AMOUNT.  
 

 
 
CLICK HERE TO GO TO PREVIOUS BULLETINS.

The Nexlab TX Page Main Text Page