891  
CXUS45 KSLC 071444  
CLMSLC  
 
SLCCLMSLC 000  
TTAA00 SLC 071442  
 
CLIMATE REPORT  
NATIONAL WEATHER SERVICE SALT LAKE CITY UT  
842 AM MDT WED APR 07 2021  
   
...............................
 
 
...THE SALT LAKE CITY UT CLIMATE SUMMARY FOR THE MONTH OF MARCH 2021...  
 
CLIMATE NORMAL PERIOD 1981 TO 2010  
CLIMATE RECORD PERIOD 1874 TO 2021  
 
WEATHER OBSERVED NORMAL DEPART LAST YEAR'S  
VALUE DATE(S) VALUE FROM VALUE DATE(S)  
NORMAL    
............................................................
 
 
TEMPERATURE (F)  
RECORD  
HIGH 80 03/31/2012  
LOW 0 03/01/1890  
HIGHEST 71 03/19 70 03/06  
LOWEST 24 03/01 27 03/27  
03/02  
AVG. MAXIMUM 55.1 53.7 1.4 55.3  
AVG. MINIMUM 34.3 33.6 0.7 37.6  
MEAN 44.7 43.6 1.1 46.5  
DAYS MAX >= 90 0 0.0 0.0 0  
DAYS MAX <= 32 0 0.2 -0.2 0  
DAYS MIN <= 32 14 11.8 2.2 8  
DAYS MIN <= 0 0 0.0 0.0 0  
 
PRECIPITATION (INCHES)  
TOTALS 1.55 1.79 -0.24 1.53  
DAYS >= .01 8 9.9 -1.9 12  
DAYS >= .10 3 5.6 -2.6 4  
DAYS >= .50 1 0.7 0.3 0  
DAYS >= 1.00 0 0.0 0.0 0  
 
SNOWFALL (INCHES)  
TOTALS 2.3 6.5 -4.2 7.5  
SINCE 7/1 29.0 51.9 MM  
 
DEGREE DAYS  
HEATING TOTAL 620 662 -42 567  
SINCE 7/1 4492 4918 -426 4627  
COOLING TOTAL 0 0 0 0  
SINCE 1/1 0 0 0 0    
............................................................
 
 
WIND (MPH)  
AVERAGE WIND SPEED 8.7  
HIGHEST WIND SPEED/DIRECTION 33/150 DATE 03/06  
HIGHEST GUST SPEED/DIRECTION 42/170 DATE 03/06  
42/290 03/20  
 
WEATHER CONDITIONS. NUMBER OF DAYS WITH  
THUNDERSTORM 0 RAIN 2  
HAIL 1 SNOW 1  
FOG 6 FOG W/VIS <= 1/4 MILE 1  
HAZE 4  
 
- INDICATES NEGATIVE NUMBERS.  
R INDICATES RECORD WAS SET OR TIED.  
MM INDICATES DATA IS MISSING.  
T INDICATES TRACE AMOUNT.  
 

 
 
CLICK HERE TO GO TO PREVIOUS BULLETINS.

The Nexlab UT Page
The Nexlab ID Page
The Nexlab WY Page Main Text Page