413  
CXUS51 KALY 011048  
CLMPOU  
 
CLIMATE REPORT  
NATIONAL WEATHER SERVICE ALBANY NY  
548 AM EST WED FEB 01 2023  
   
...............................
 
 
...THE POUGHKEEPSIE NY CLIMATE SUMMARY FOR THE MONTH OF JANUARY 2023...  
 
CLIMATE NORMAL PERIOD: 1991 TO 2020  
CLIMATE RECORD PERIOD: 1931 TO 2023  
 
WEATHER OBSERVED NORMAL DEPART LAST YEAR'S  
VALUE DATE(S) VALUE FROM VALUE DATE(S)  
NORMAL    
............................................................
 
 
TEMPERATURE (F)  
RECORD  
HIGH 70 01/06/2007  
LOW -30 01/21/1961  
HIGHEST 56 01/13 54 01/01  
LOWEST 19 01/17 -3 01/30  
AVG. MAXIMUM 44.0 36.0 8.0 33.2  
AVG. MINIMUM 30.0 18.2 11.8 14.2  
MEAN 37.0 27.1 9.9 23.7  
DAYS MAX >= 90 0 0.0 0.0 0  
DAYS MAX <= 32 0 11.0 -11.0 14  
DAYS MIN <= 32 19 28.2 -9.2 30  
DAYS MIN <= 0 0 2.2 -2.2 3  
 
PRECIPITATION (INCHES)  
RECORD  
MAXIMUM 8.30 1979  
MINIMUM 0.43 1970  
TOTALS 3.37 2.82 0.55 1.47  
DAILY AVG. 0.11 0.05  
DAYS >= .01 14 9.5 4.5 11  
DAYS >= .10 9 5.3 3.7 5  
DAYS >= .50 2 1.6 0.4 0  
DAYS >= 1.00 0 0.3 -0.3 0  
GREATEST  
24 HR. TOTAL 0.80 01/25 TO 01/26  
 
DEGREE DAYS  
HEATING TOTAL 861 1175 -314 1273  
SINCE 7/1 2905 3412 -507 MM  
COOLING TOTAL 0 0 0 0  
SINCE 1/1 0 0 0 MM    
............................................................
 
 
WIND (MPH)  
AVERAGE WIND SPEED 5.0  
HIGHEST WIND SPEED/DIRECTION 24/010 DATE 01/15  
24/260 01/24  
24/250 01/26  
HIGHEST GUST SPEED/DIRECTION 38/010 DATE 01/15  
 
SKY COVER  
AVERAGE SKY COVER 0.70  
 
AVERAGE RH (PERCENT) 74  
 
WEATHER CONDITIONS. NUMBER OF DAYS WITH  
THUNDERSTORM 0 MIXED PRECIP 0  
HEAVY RAIN 1 RAIN 9  
LIGHT RAIN 11 FREEZING RAIN 0  
LT FREEZING RAIN 1 HAIL 0  
HEAVY SNOW 0 SNOW 2  
LIGHT SNOW 6 SLEET 0  
FOG 20 FOG W/VIS <= 1/4 MILE 4  
HAZE 6  
 
- INDICATES NEGATIVE NUMBERS.  
R INDICATES RECORD WAS SET OR TIED.  
MM INDICATES DATA IS MISSING.  
T INDICATES TRACE AMOUNT.  
 

 
 
CLICK HERE TO GO TO PREVIOUS BULLETINS.

The Nexlab NY Page
The Nexlab VT Page
The Nexlab MA Page
The Nexlab CT Page Main Text Page