269  
CXUS51 KBTV 011406  
CLMVSF  
 
CLIMATE REPORT  
NATIONAL WEATHER SERVICE BURLINGTON VT  
906 AM EST WED FEB 01 2023  
   
...............................
 
 
...THE SPRINGFIELD VT CLIMATE SUMMARY FOR THE MONTH OF JANUARY 2023...  
 
CLIMATE NORMAL PERIOD: 1991 TO 2020  
CLIMATE RECORD PERIOD: 9999 TO 9999  
 
WEATHER OBSERVED NORMAL DEPART LAST YEAR'S  
VALUE DATE(S) VALUE FROM VALUE DATE(S)  
NORMAL    
............................................................
 
 
TEMPERATURE (F)  
RECORD  
HIGH 66  
LOW -22  
HIGHEST 49 01/01 MM MM 41 01/09  
LOWEST 10 01/11 MM MM -18 01/22  
AVG. MAXIMUM 36.9 29.8 7.1 27.8  
AVG. MINIMUM 24.8 11.2 13.6 4.5  
MEAN 30.8 20.5 10.3 16.2  
DAYS MAX >= 90 0 0.0 0.0 0  
DAYS MAX <= 32 6 17.3 -11.3 19  
DAYS MIN <= 32 29 30.3 -1.3 30  
DAYS MIN <= 0 0 6.4 -6.4 11  
 
PRECIPITATION (INCHES)  
RECORD  
MAXIMUM 4.92 1999  
MINIMUM 0.74 2004  
TOTALS 4.18 2.80 1.38 1.10  
DAILY AVG. 0.13 0.09 0.04 0.04  
DAYS >= .01 13 10.8 2.2 7  
DAYS >= .10 12 5.9 6.1 3  
DAYS >= .50 3 1.7 1.3 1  
DAYS >= 1.00 0 0.6 -0.6 0  
GREATEST  
24 HR. TOTAL 1.14 01/12 TO 01/13 0.69 01/17 TO 01/17  
STORM TOTAL 0.60 0.69  
(MM/DD(HH)) MM  
 
DEGREE DAYS  
HEATING TOTAL 1050 1379 -329 1505  
SINCE 7/1 3447 4181 -734 MM  
COOLING TOTAL 0 0 0 0  
SINCE 1/1 0 0 0 MM    
............................................................
 
 
WIND (MPH)  
AVERAGE WIND SPEED 3.2  
HIGHEST WIND SPEED/DIRECTION 23/240 DATE 01/26  
HIGHEST GUST SPEED/DIRECTION 33/280 DATE 01/31  
 
SKY COVER  
POSSIBLE SUNSHINE (PERCENT) MM  
AVERAGE SKY COVER 0.78  
NUMBER OF DAYS FAIR 2  
NUMBER OF DAYS PC 11  
NUMBER OF DAYS CLOUDY 18  
 
AVERAGE RH (PERCENT) 78  
 
WEATHER CONDITIONS. NUMBER OF DAYS WITH  
THUNDERSTORM 0 MIXED PRECIP 0  
HEAVY RAIN 1 RAIN 4  
LIGHT RAIN 8 FREEZING RAIN 2  
LT FREEZING RAIN 4 HAIL 0  
HEAVY SNOW 1 SNOW 3  
LIGHT SNOW 12 SLEET 0  
FOG 22 FOG W/VIS <= 1/4 MILE 4  
HAZE 1  
 
- INDICATES NEGATIVE NUMBERS.  
R INDICATES RECORD WAS SET OR TIED.  
MM INDICATES DATA IS MISSING.  
T INDICATES TRACE AMOUNT.  
 

 
 
CLICK HERE TO GO TO PREVIOUS BULLETINS.

The Nexlab VT Page
The Nexlab NY Page Main Text Page