469  
CXUS53 KARX 010738  
CLMRST  
 
CLIMATE REPORT  
NATIONAL WEATHER SERVICE LA CROSSE WI  
138 AM CST WED FEB 01 2023  
   
...............................
 
 
   
..THE ROCHESTER MN CLIMATE SUMMARY FOR THE MONTH OF JANUARY 2023
 
 
CLIMATE NORMAL PERIOD 1991 TO 2020  
CLIMATE RECORD PERIOD 1886 TO 2023  
 
WEATHER OBSERVED NORMAL DEPART LAST YEAR'S  
VALUE DATE(S) VALUE FROM VALUE DATE(S)  
NORMAL    
............................................................
 
 
TEMPERATURE (F)  
RECORD  
HIGH 58 01/25/1944  
LOW -42 01/07/1887  
HIGHEST 36 01/11 42 01/12  
01/15  
LOWEST -17 01/31 -21 01/26  
AVG. MAXIMUM 25.4 22.5 2.9 18.8  
AVG. MINIMUM 13.3 7.0 6.3 -0.1  
MEAN 19.3 14.7 4.6 9.4  
DAYS MAX >= 90 0 0.0 0.0 0  
DAYS MAX <= 32 23 24.2 -1.2 27  
DAYS MIN <= 32 31 30.7 0.3 31  
DAYS MIN <= 0 5 10.7 -5.7 16  
 
PRECIPITATION (INCHES)  
RECORD  
MAXIMUM 4.40 1886  
TOTALS 2.41 0.99 1.42 0.83  
DAYS >= .01 9 9.4 -0.4 8  
DAYS >= .10 6 3.2 2.8 2  
DAYS >= .50 1 0.2 0.8 0  
DAYS >= 1.00 1 0.0 1.0 0  
GREATEST  
24 HR. TOTAL 1.20 01/02 TO 01/03 0.44 01/14 TO 01/14  
 
SNOWFALL (INCHES)  
RECORDS  
TOTAL 30.2 1996  
SNOW DEPTH 29 01/25/1982  
TOTALS 11.5 12.2 -0.7 8.7  
SINCE 7/1 36.3 30.0 6.3 MM  
SNOWDEPTH AVG. 6 3  
DAYS >= TRACE 14 8.8 5.2 12  
DAYS >= 1.0 3 3.8 -0.8 2  
GREATEST  
SNOW DEPTH 8 01/20 6 01/26  
01/21  
01/22  
01/27  
01/28  
 
DEGREE DAYS  
HEATING TOTAL 1407 1558 -151 1718  
SINCE 7/1 4482 4616 -134 MM  
COOLING TOTAL 0 0 0 0  
SINCE 1/1 0 0 0 MM    
............................................................
 
 
WIND (MPH)  
AVERAGE WIND SPEED 10.9  
HIGHEST WIND SPEED/DIRECTION 36/290 DATE 01/27  
HIGHEST GUST SPEED/DIRECTION 45/300 DATE 01/27  
 
AVERAGE RH (PERCENT) 86  
 
WEATHER CONDITIONS. NUMBER OF DAYS WITH  
THUNDERSTORM 0 MIXED PRECIP 0  
HEAVY RAIN 1 RAIN 1  
LIGHT RAIN 3 FREEZING RAIN 3  
LT FREEZING RAIN 3 HAIL 0  
HEAVY SNOW 1 SNOW 4  
LIGHT SNOW 14 SLEET 0  
FOG 25 FOG W/VIS <= 1/4 MILE 9  
HAZE 11  
 
- INDICATES NEGATIVE NUMBERS.  
R INDICATES RECORD WAS SET OR TIED.  
MM INDICATES DATA IS MISSING.  
T INDICATES TRACE AMOUNT.  
 

 
 
CLICK HERE TO GO TO PREVIOUS BULLETINS.

The Nexlab WI Page
The Nexlab IA Page
The Nexlab MN Page Main Text Page