176  
CXUS53 KARX 011310 CCA  
CLMLSE  
 
CLIMATE REPORT...CORRECTED SNOW DEPTH  
NATIONAL WEATHER SERVICE LA CROSSE WI  
448 AM CST FRI MAR 01 2024  
   
...............................
 
 
   
..THE LA CROSSE WI CLIMATE SUMMARY FOR THE MONTH OF FEBRUARY 2024
 
 
CLIMATE NORMAL PERIOD 1991 TO 2020  
CLIMATE RECORD PERIOD 1872 TO 2024  
 
WEATHER OBSERVED NORMAL DEPART LAST YEAR'S  
VALUE DATE(S) VALUE FROM VALUE DATE(S)  
NORMAL    
............................................................
 
 
TEMPERATURE (F)  
RECORD  
HIGH 69 02/27/2024  
LOW -36 02/08/1971  
HIGHEST 69R 02/27 48 02/08  
02/11  
LOWEST 10 02/28 -10 02/03  
AVG. MAXIMUM 47.3 32.5 14.8 35.6  
AVG. MINIMUM 23.6 14.2 9.4 16.6  
MEAN 35.4 23.3 12.1 26.1  
DAYS MAX >= 90 0 0.0 0.0 0  
DAYS MAX <= 32 2 14.6 -12.6 12  
DAYS MIN <= 32 27 26.3 0.7 26  
DAYS MIN <= 0 0 5.5 -5.5 3  
 
PRECIPITATION (INCHES)  
RECORD  
MAXIMUM 4.04 1922  
TOTALS 0.28 1.19 -0.91 2.19  
DAYS >= .01 4 8.5 -4.5 10  
DAYS >= .10 1 3.2 -2.2 4  
DAYS >= .50 0 0.6 -0.6 1  
DAYS >= 1.00 0 0.0 0.0 0  
GREATEST  
24 HR. TOTAL 0.15 02/15 TO 02/15 0.87 02/26 TO 02/27  
 
SNOWFALL (INCHES)  
RECORDS  
TOTAL 31.1 2019  
SNOW DEPTH 29 02/13/1979  
02/12/1979  
02/02/1929  
TOTALS 1.3 9.7 -8.4 11.5  
SINCE 7/1 MM 36.1 MM MM  
SNOWDEPTH AVG. MM 3  
DAYS >= TRACE 5 7.2 -2.2 7  
DAYS >= 1.0 1 2.9 -1.9 4  
GREATEST  
SNOW DEPTH 1 02/28 10 02/24  
02/25  
 
DEGREE DAYS  
HEATING TOTAL 848 1166 -318 1083  
SINCE 7/1 4222 5262 -1040 MM  
COOLING TOTAL 0 0 0 0  
SINCE 1/1 0 0 0 MM    
............................................................
 
 
WIND (MPH)  
AVERAGE WIND SPEED 8.6  
HIGHEST WIND SPEED/DIRECTION 31/320 DATE 02/27  
HIGHEST GUST SPEED/DIRECTION 42/320 DATE 02/27  
 
AVERAGE RH (PERCENT) 60  
 
WEATHER CONDITIONS. NUMBER OF DAYS WITH  
THUNDERSTORM 1 MIXED PRECIP 0  
HEAVY RAIN 0 RAIN 0  
LIGHT RAIN 5 FREEZING RAIN 0  
LT FREEZING RAIN 0 HAIL 0  
HEAVY SNOW 0 SNOW 0  
LIGHT SNOW 5 SLEET 0  
FOG 4 FOG W/VIS <= 1/4 MILE 2  
HAZE 1  
 
- INDICATES NEGATIVE NUMBERS.  
R INDICATES RECORD WAS SET OR TIED.  
MM INDICATES DATA IS MISSING.  
T INDICATES TRACE AMOUNT.  
 

 
 
BOYNE  
 
CLICK HERE TO GO TO PREVIOUS BULLETINS.

The Nexlab WI Page
The Nexlab IA Page
The Nexlab MN Page Main Text Page