667  
CXUS51 KPBZ 011408  
CLMMGW  
 
CLIMATE REPORT  
NATIONAL WEATHER SERVICE PITTSBURGH PA  
1008 AM EDT SAT AUG 01 2020  
   
...............................
 
 
   
..THE MORGANTOWN WV CLIMATE SUMMARY FOR THE MONTH OF JULY 2020
 
 
CLIMATE NORMAL PERIOD 1981 TO 2010  
CLIMATE RECORD PERIOD 1872 TO 2020  
 
WEATHER OBSERVED NORMAL DEPART LAST YEAR'S  
VALUE DATE(S) VALUE FROM VALUE DATE(S)  
NORMAL    
............................................................
 
 
TEMPERATURE (F)  
RECORD  
HIGH 103 07/26/1892  
LOW 40 07/02/1940  
07/06/1895  
HIGHEST 95 07/06 92 3 93 07/20  
07/21  
LOWEST 59 07/14 51 8 55 07/24  
AVG. MAXIMUM 89.3 83.4 5.9 85.9  
AVG. MINIMUM 66.5 62.9 3.6 65.9  
MEAN 77.9 73.2 4.7 75.9  
DAYS MAX >= 90 19 5.0 14.0 5  
DAYS MAX <= 32 0 0.0 0.0 0  
DAYS MIN <= 32 0 0.0 0.0 0  
DAYS MIN <= 0 0 0.0 0.0 0  
 
PRECIPITATION (INCHES)  
RECORD  
MAXIMUM 11.98 2003  
MINIMUM 1.06 1916  
TOTALS 3.20 4.62 -1.42 5.43  
DAILY AVG. 0.10 0.13 -0.03 0.18  
DAYS >= .01 12 11.7 0.3 12  
DAYS >= .10 6 8.0 -2.0 7  
DAYS >= .50 3 3.3 -0.3 4  
DAYS >= 1.00 1 1.1 -0.1 2  
GREATEST  
24 HR. TOTAL 1.04 07/07 TO 07/07 1.76  
 
DEGREE DAYS  
HEATING TOTAL 0 3 -3 0  
SINCE 7/1 0 0 0 0  
COOLING TOTAL 408 255 153 348  
SINCE 1/1 696 484 212 670    
............................................................
 
 
WIND (MPH)  
AVERAGE WIND SPEED 3.8  
HIGHEST WIND SPEED/DIRECTION 21/090 DATE 07/07  
21/260 07/27  
HIGHEST GUST SPEED/DIRECTION 31/100 DATE 07/07  
 
AVERAGE RH (PERCENT) 66  
 
WEATHER CONDITIONS. NUMBER OF DAYS WITH  
THUNDERSTORM 12 MIXED PRECIP 0  
HEAVY RAIN 3 RAIN 4  
LIGHT RAIN 9 FREEZING RAIN 0  
LT FREEZING RAIN 0 HAIL 0  
HEAVY SNOW 0 SNOW 0  
LIGHT SNOW 0 SLEET 0  
FOG 18 FOG W/VIS <= 1/4 MILE 4  
HAZE 5  
 
- INDICATES NEGATIVE NUMBERS.  
R INDICATES RECORD WAS SET OR TIED.  
MM INDICATES DATA IS MISSING.  
T INDICATES TRACE AMOUNT.  
 

 
 
CLICK HERE TO GO TO PREVIOUS BULLETINS.

The Nexlab OH Page
The Nexlab PA Page
The Nexlab WV Page
The Nexlab MD Page Main Text Page