361  
CXUS51 KRLX 011432  
CLMHTS  
 
CLIMATE REPORT  
NATIONAL WEATHER SERVICE CHARLESTON WV  
1032 AM EDT SAT AUG 01 2020  
   
...............................
 
 
   
..THE HUNTINGTON WV CLIMATE SUMMARY FOR THE MONTH OF JULY 2020
 
 
CLIMATE NORMAL PERIOD: 1981 TO 2010  
CLIMATE RECORD PERIOD: 1897 TO 2020  
 
WEATHER OBSERVED NORMAL DEPART LAST YEAR'S  
VALUE DATE(S) VALUE FROM VALUE  
NORMAL    
..........................................................
 
 
TEMPERATURE (F)  
RECORD  
HIGH 108 07/28/1930  
LOW 46 07/05/1968  
HIGHEST 96 07/09 94  
07/19  
LOWEST 63 07/13 55  
07/14  
AVG. MAXIMUM 91.4 86.0 5.4 87.7  
AVG. MINIMUM 69.1 65.4 3.7 67.5  
MEAN 80.2 75.7 4.5 77.6  
DAYS MAX >= 90 22 7.9 14.1 13  
DAYS MAX <= 32 0 0.0 0.0 0  
DAYS MAX >= 80 30 MM  
DAYS MAX >= 100 0 MM  
DAYS MIN <= 32 0 0.0 0.0 0  
DAYS MIN <= 0 0 0.0 0.0 0  
DAYS MIN <= 10 0 MM  
 
PRECIPITATION (INCHES)  
RECORD  
MAXIMUM 9.90 1961  
MINIMUM 0.07 2013  
TOTALS 3.93 4.55 -0.62 4.10  
DAILY AVG. 0.13 0.15 -0.02 0.13  
DAYS >= .01 10 11.1 -1.1 10  
DAYS >= .10 7 7.5 -0.5 6  
DAYS >= .50 3 2.9 0.1 3  
DAYS >= 1.00 1 1.3 -0.3 2  
GREATEST  
24 HR. TOTAL 1.38 07/30 TO 07/31 1.41  
 
SNOWFALL (INCHES)  
RECORDS  
TOTAL MM MM  
24 HR TOTAL MM  
SNOW DEPTH MM MM  
TOTALS 0.0 0.0 0.0 0.0  
SINCE 7/1 0.0 0.0 0.0 MM  
SNOWDEPTH AVG. 0 0  
DAYS >= TRACE 0 0.0 0.0 0  
DAYS >= 1.0 0 0.0 0.0 0  
GREATEST  
SNOW DEPTH 0 0  
24 HR TOTAL MM 0.0  
 
DEGREE DAYS  
HEATING TOTAL 0 0 0 0  
SINCE 7/1 0 0 0 0  
COOLING TOTAL 465 332 133 398  
SINCE 1/1 828 670 158 811  
 
FREEZE DATES  
RECORD  
EARLIEST MM  
LATEST MM  
EARLIEST 11/01  
LATEST 04/09    
..........................................................
 
 
WIND (MPH)  
AVERAGE WIND SPEED 3.4  
HIGHEST WIND SPEED/DIRECTION 30/320 DATE 07/22  
HIGHEST GUST SPEED/DIRECTION 42/320 DATE 07/22  
 
SKY COVER  
POSSIBLE SUNSHINE (PERCENT) MM  
AVERAGE SKY COVER 0.30  
NUMBER OF DAYS FAIR 19  
NUMBER OF DAYS PC 11  
NUMBER OF DAYS CLOUDY 1  
 
AVERAGE RH (PERCENT) 71  
 
WEATHER CONDITIONS. NUMBER OF DAYS WITH  
THUNDERSTORM 14 MIXED PRECIP 0  
HEAVY RAIN 4 RAIN 2  
LIGHT RAIN 11 FREEZING RAIN 0  
LT FREEZING RAIN 0 HAIL 0  
HEAVY SNOW 0 SNOW 0  
LIGHT SNOW 0 SLEET 0  
FOG 11 FOG W/VIS <= 1/4 MILE 5  
HAZE 5  
 
- INDICATES NEGATIVE NUMBERS.  
R INDICATES RECORD WAS SET OR TIED.  
MM INDICATES DATA IS MISSING.  
T INDICATES TRACE AMOUNT.  
 

 
 
CLICK HERE TO GO TO PREVIOUS BULLETINS.

The Nexlab WV Page
The Nexlab OH Page
The Nexlab KY Page
The Nexlab VA Page Main Text Page