270  
CXUS55 KCYS 022236  
CLMCDR  
 
CLIMATE REPORT  
NATIONAL WEATHER SERVICE CHEYENNE WY  
336 PM MST THU FEB 02 2023  
   
...............................
 
 
...THE CHADRON NEBRASKA AIRPORT CLIMATE SUMMARY FOR THE MONTH OF JANUARY 2023...  
 
CLIMATE NORMAL PERIOD 1991 TO 2020  
CLIMATE RECORD PERIOD 1895 TO 2023  
 
WEATHER OBSERVED NORMAL DEPART LAST YEAR'S  
VALUE DATE(S) VALUE FROM VALUE DATE(S)  
NORMAL    
............................................................
 
 
TEMPERATURE (F)  
RECORD  
HIGH 70 01/30/1989  
01/08/1927  
LOW -29 01/21/1949  
HIGHEST 47 01/14 MM MM 60  
LOWEST -18 01/30 MM MM -12  
AVG. MAXIMUM 33.0 38.3 -5.3 42.7  
AVG. MINIMUM 13.2 12.7 0.5 14.0  
MEAN 23.1 25.5 -2.4 28.4  
DAYS MAX >= 90 0 0.0 0.0 0  
DAYS MAX <= 32 10 9.0 1.0 6  
DAYS MIN <= 32 29 30.8 -1.8 30  
DAYS MIN <= 0 2 4.7 -2.7 6  
 
PRECIPITATION (INCHES)  
RECORD  
MAXIMUM 2.40 1949  
TOTALS 1.31 0.15 1.16 0.13  
DAYS >= .01 11 3.1 7.9 1  
DAYS >= .10 4 0.5 3.5 1  
DAYS >= .50 0 0.0 0.0 0  
DAYS >= 1.00 0 0.0 0.0 0  
GREATEST  
24 HR. TOTAL 0.44 01/02 TO 01/02 0.13 01/21 TO 01/21  
 
DEGREE DAYS  
HEATING TOTAL 1206 1224 -18 1126  
SINCE 7/1 4160 4020 140 MM  
COOLING TOTAL 0 0 0 0  
SINCE 1/1 0 0 0 MM    
............................................................
 
 
WIND (MPH)  
AVERAGE WIND SPEED 7.2  
HIGHEST WIND SPEED/DIRECTION 36/280 DATE 01/26  
HIGHEST GUST SPEED/DIRECTION 47/280 DATE 01/26  
 
SKY COVER  
POSSIBLE SUNSHINE (PERCENT) MM  
AVERAGE SKY COVER 0.53  
NUMBER OF DAYS FAIR 11  
NUMBER OF DAYS PC 9  
NUMBER OF DAYS CLOUDY 10  
 
AVERAGE RH (PERCENT) 78  
 
WEATHER CONDITIONS. NUMBER OF DAYS WITH  
THUNDERSTORM 0 MIXED PRECIP 0  
HEAVY RAIN 0 RAIN 0  
LIGHT RAIN 4 FREEZING RAIN 0  
LT FREEZING RAIN 1 HAIL 0  
HEAVY SNOW 2 SNOW 3  
LIGHT SNOW 12 SLEET 0  
FOG 16 FOG W/VIS <= 1/4 MILE 3  
HAZE 6  
 
- INDICATES NEGATIVE NUMBERS.  
R INDICATES RECORD WAS SET OR TIED.  
MM INDICATES DATA IS MISSING.  
T INDICATES TRACE AMOUNT.  
 

 
 
CLICK HERE TO GO TO PREVIOUS BULLETINS.

The Nexlab WY Page
The Nexlab NE Page Main Text Page